[INFO] cloning repository https://github.com/hewner/glyph-atlas
[INFO] running `Command { std: "git" "-c" "credential.helper=" "-c" "credential.helper=/workspace/cargo-home/bin/git-credential-null" "clone" "--bare" "https://github.com/hewner/glyph-atlas" "/workspace/cache/git-repos/https%3A%2F%2Fgithub.com%2Fhewner%2Fglyph-atlas", kill_on_drop: false }`
[INFO] [stderr] Cloning into bare repository '/workspace/cache/git-repos/https%3A%2F%2Fgithub.com%2Fhewner%2Fglyph-atlas'...
[INFO] running `Command { std: "git" "rev-parse" "HEAD", kill_on_drop: false }`
[INFO] [stdout] a17535125be3372049dba8407e4d3e36294aa8bc
[INFO] checking hewner/glyph-atlas against master#af3c6e733a40e671550e0f0f5aeecaa13772ba56 for pr-74989
[INFO] running `Command { std: "git" "clone" "/workspace/cache/git-repos/https%3A%2F%2Fgithub.com%2Fhewner%2Fglyph-atlas" "/workspace/builds/worker-3/source", kill_on_drop: false }`
[INFO] [stderr] Cloning into '/workspace/builds/worker-3/source'...
[INFO] [stderr] done.
[INFO] validating manifest of git repo https://github.com/hewner/glyph-atlas on toolchain af3c6e733a40e671550e0f0f5aeecaa13772ba56
[INFO] running `Command { std: "/workspace/cargo-home/bin/cargo" "+af3c6e733a40e671550e0f0f5aeecaa13772ba56" "read-manifest" "--manifest-path" "Cargo.toml", kill_on_drop: false }`
[INFO] started tweaking git repo https://github.com/hewner/glyph-atlas
[INFO] removed path dependency font from git repo https://github.com/hewner/glyph-atlas
[INFO] finished tweaking git repo https://github.com/hewner/glyph-atlas
[INFO] tweaked toml for git repo https://github.com/hewner/glyph-atlas written to /workspace/builds/worker-3/source/Cargo.toml
[INFO] crate git repo https://github.com/hewner/glyph-atlas already has a lockfile, it will not be regenerated
[INFO] running `Command { std: "/workspace/cargo-home/bin/cargo" "+af3c6e733a40e671550e0f0f5aeecaa13772ba56" "fetch" "--locked" "--manifest-path" "Cargo.toml", kill_on_drop: false }`
[INFO] [stderr] warning: dependency (font) specified without providing a local path, Git repository, or version to use. This will be considered an error in future versions
[INFO] [stderr]     Blocking waiting for file lock on package cache
[INFO] [stderr]     Updating crates.io index
[INFO] [stderr] error: the lock file /workspace/builds/worker-3/source/Cargo.lock needs to be updated but --locked was passed to prevent this
[INFO] [stderr] If you want to try to generate the lock file without accessing the network, use the --offline flag.
[INFO] the lockfile is outdated, regenerating it
[INFO] running `Command { std: "/workspace/cargo-home/bin/cargo" "+af3c6e733a40e671550e0f0f5aeecaa13772ba56" "generate-lockfile" "--manifest-path" "Cargo.toml" "-Zno-index-update", kill_on_drop: false }`
[INFO] [stderr]     Blocking waiting for file lock on package cache
[INFO] running `Command { std: "/workspace/cargo-home/bin/cargo" "+af3c6e733a40e671550e0f0f5aeecaa13772ba56" "fetch" "--locked" "--manifest-path" "Cargo.toml", kill_on_drop: false }`
[INFO] [stderr] warning: dependency (font) specified without providing a local path, Git repository, or version to use. This will be considered an error in future versions
[INFO] [stderr]     Blocking waiting for file lock on package cache
[INFO] running `Command { std: "docker" "create" "-v" "/var/lib/crater-agent-workspace/builds/worker-3/target:/opt/rustwide/target:rw,Z" "-v" "/var/lib/crater-agent-workspace/builds/worker-3/source:/opt/rustwide/workdir:ro,Z" "-v" "/var/lib/crater-agent-workspace/cargo-home:/opt/rustwide/cargo-home:ro,Z" "-v" "/var/lib/crater-agent-workspace/rustup-home:/opt/rustwide/rustup-home:ro,Z" "-e" "SOURCE_DIR=/opt/rustwide/workdir" "-e" "CARGO_TARGET_DIR=/opt/rustwide/target" "-e" "CARGO_HOME=/opt/rustwide/cargo-home" "-e" "RUSTUP_HOME=/opt/rustwide/rustup-home" "-w" "/opt/rustwide/workdir" "-m" "1610612736" "--user" "0:0" "--network" "none" "rustops/crates-build-env@sha256:d92eaeed33fa75130ca1ee6c8a01d1ffb62bac859dfdfb3450e3e5d1c0146529" "/opt/rustwide/cargo-home/bin/cargo" "+af3c6e733a40e671550e0f0f5aeecaa13772ba56" "metadata" "--no-deps" "--format-version=1", kill_on_drop: false }`
[INFO] [stdout] eee8e858094e09c74c89662d08711029e6e43ec1fe761218b9215176081eeed4
[INFO] [stderr] WARNING: Your kernel does not support swap limit capabilities or the cgroup is not mounted. Memory limited without swap.
[INFO] running `Command { std: "docker" "start" "-a" "eee8e858094e09c74c89662d08711029e6e43ec1fe761218b9215176081eeed4", kill_on_drop: false }`
[INFO] running `Command { std: "docker" "inspect" "eee8e858094e09c74c89662d08711029e6e43ec1fe761218b9215176081eeed4", kill_on_drop: false }`
[INFO] running `Command { std: "docker" "rm" "-f" "eee8e858094e09c74c89662d08711029e6e43ec1fe761218b9215176081eeed4", kill_on_drop: false }`
[INFO] [stdout] eee8e858094e09c74c89662d08711029e6e43ec1fe761218b9215176081eeed4
[INFO] running `Command { std: "docker" "create" "-v" "/var/lib/crater-agent-workspace/builds/worker-3/target:/opt/rustwide/target:rw,Z" "-v" "/var/lib/crater-agent-workspace/builds/worker-3/source:/opt/rustwide/workdir:ro,Z" "-v" "/var/lib/crater-agent-workspace/cargo-home:/opt/rustwide/cargo-home:ro,Z" "-v" "/var/lib/crater-agent-workspace/rustup-home:/opt/rustwide/rustup-home:ro,Z" "-e" "SOURCE_DIR=/opt/rustwide/workdir" "-e" "CARGO_TARGET_DIR=/opt/rustwide/target" "-e" "CARGO_INCREMENTAL=0" "-e" "RUST_BACKTRACE=full" "-e" "RUSTFLAGS=--cap-lints=forbid" "-e" "CARGO_HOME=/opt/rustwide/cargo-home" "-e" "RUSTUP_HOME=/opt/rustwide/rustup-home" "-w" "/opt/rustwide/workdir" "-m" "1610612736" "--user" "0:0" "--network" "none" "rustops/crates-build-env@sha256:d92eaeed33fa75130ca1ee6c8a01d1ffb62bac859dfdfb3450e3e5d1c0146529" "/opt/rustwide/cargo-home/bin/cargo" "+af3c6e733a40e671550e0f0f5aeecaa13772ba56" "check" "--frozen" "--all" "--all-targets" "--message-format=json", kill_on_drop: false }`
[INFO] [stdout] db2a9f2168c94c3bd5b1894fd9695a6ed0b863b7758b68f0224151c10a1375b0
[INFO] [stderr] WARNING: Your kernel does not support swap limit capabilities or the cgroup is not mounted. Memory limited without swap.
[INFO] running `Command { std: "docker" "start" "-a" "db2a9f2168c94c3bd5b1894fd9695a6ed0b863b7758b68f0224151c10a1375b0", kill_on_drop: false }`
[INFO] [stderr] warning: dependency (font) specified without providing a local path, Git repository, or version to use. This will be considered an error in future versions
[INFO] [stderr]     Blocking waiting for file lock on package cache
[INFO] [stderr]    Compiling log v0.4.11
[INFO] [stderr]    Compiling khronos_api v3.1.0
[INFO] [stderr]     Checking lazycell v1.3.0
[INFO] [stderr]     Checking smallvec v1.4.2
[INFO] [stderr]     Checking instant v0.1.6
[INFO] [stderr]    Compiling syn v1.0.40
[INFO] [stderr]     Checking either v1.6.0
[INFO] [stderr]     Checking truetype v0.22.0
[INFO] [stderr]     Checking postscript v0.11.1
[INFO] [stderr]     Checking takeable-option v0.5.0
[INFO] [stderr]    Compiling num-traits v0.2.12
[INFO] [stderr]    Compiling num-rational v0.3.0
[INFO] [stderr]    Compiling num-iter v0.1.41
[INFO] [stderr]    Compiling libloading v0.5.2
[INFO] [stderr]     Checking tiff v0.5.0
[INFO] [stderr]     Checking net2 v0.2.35
[INFO] [stderr]     Checking iovec v0.1.4
[INFO] [stderr]     Checking shared_library v0.1.9
[INFO] [stderr]     Checking memchr v1.0.2
[INFO] [stderr]     Checking bincode v1.3.1
[INFO] [stderr]     Checking wayland-sys v0.23.6
[INFO] [stderr]    Compiling wayland-scanner v0.23.6
[INFO] [stderr]     Checking osmesa-sys v0.1.2
[INFO] [stderr]     Checking rand v0.3.23
[INFO] [stderr]     Checking parking_lot_core v0.7.2
[INFO] [stderr]     Checking nom v3.2.1
[INFO] [stderr]     Checking rayon-core v1.8.0
[INFO] [stderr]     Checking parking_lot v0.10.2
[INFO] [stderr]     Checking mio v0.6.22
[INFO] [stderr]     Checking wayland-commons v0.23.6
[INFO] [stderr]    Compiling gl_generator v0.14.0
[INFO] [stderr]     Checking opentype v0.17.1
[INFO] [stderr]     Checking rayon v1.4.0
[INFO] [stderr]     Checking mio-extras v2.0.6
[INFO] [stderr]     Checking calloop v0.4.4
[INFO] [stderr]     Checking approx v0.3.2
[INFO] [stderr]     Checking ordered-float v1.1.0
[INFO] [stderr]     Checking line_drawing v0.7.0
[INFO] [stderr]     Checking num-integer v0.1.43
[INFO] [stderr]     Checking rusttype v0.8.3
[INFO] [stderr]    Compiling glutin_egl_sys v0.1.5
[INFO] [stderr]    Compiling glutin_glx_sys v0.1.7
[INFO] [stderr]    Compiling glium v0.27.0
[INFO] [stderr]    Compiling wayland-client v0.23.6
[INFO] [stderr]    Compiling wayland-protocols v0.23.6
[INFO] [stderr]     Checking font v0.3.2
[INFO] [stderr]     Checking rusttype v0.7.9
[INFO] [stderr]     Checking andrew v0.2.1
[INFO] [stderr]     Checking jpeg-decoder v0.1.20
[INFO] [stderr]     Checking image v0.23.9
[INFO] [stderr]    Compiling serde_derive v1.0.116
[INFO] [stderr]     Checking smithay-client-toolkit v0.6.6
[INFO] [stderr]     Checking winit v0.22.2
[INFO] [stderr]     Checking glutin v0.24.1
[INFO] [stderr]     Checking rustgl v0.1.0 (/opt/rustwide/workdir)
[INFO] [stdout] error[E0432]: unresolved imports `font::Rasterize`, `font::FontDesc`
[INFO] [stdout]   --> src/main.rs:14:12
[INFO] [stdout]    |
[INFO] [stdout] 14 | use font::{Rasterize, FontDesc};
[INFO] [stdout]    |            ^^^^^^^^^  ^^^^^^^^ no `FontDesc` in the root
[INFO] [stdout]    |            |
[INFO] [stdout]    |            no `Rasterize` in the root
[INFO] [stdout] 
[INFO] [stdout] 
[INFO] [stdout] error[E0432]: unresolved imports `font::Rasterize`, `font::Rasterizer`, `font::FontDesc`, `font::FontKey`, `font::GlyphKey`
[INFO] [stdout]  --> src/glyph_atlas.rs:3:18
[INFO] [stdout]   |
[INFO] [stdout] 3 | use font::{self, Rasterize, Rasterizer, FontDesc, FontKey, GlyphKey};
[INFO] [stdout]   |                  ^^^^^^^^^  ^^^^^^^^^^  ^^^^^^^^  ^^^^^^^  ^^^^^^^^ no `GlyphKey` in the root
[INFO] [stdout]   |                  |          |           |         |
[INFO] [stdout]   |                  |          |           |         no `FontKey` in the root
[INFO] [stdout]   |                  |          |           no `FontDesc` in the root
[INFO] [stdout]   |                  |          no `Rasterizer` in the root
[INFO] [stdout]   |                  no `Rasterize` in the root
[INFO] [stdout] 
[INFO] [stdout] 
[INFO] [stdout] error[E0432]: unresolved imports `font::Rasterize`, `font::FontDesc`
[INFO] [stdout]   --> src/main.rs:14:12
[INFO] [stdout]    |
[INFO] [stdout] 14 | use font::{Rasterize, FontDesc};
[INFO] [stdout]    |            ^^^^^^^^^  ^^^^^^^^ no `FontDesc` in the root
[INFO] [stdout]    |            |
[INFO] [stdout]    |            no `Rasterize` in the root
[INFO] [stdout] 
[INFO] [stdout] 
[INFO] [stdout] error[E0432]: unresolved imports `font::Rasterize`, `font::Rasterizer`, `font::FontDesc`, `font::FontKey`, `font::GlyphKey`
[INFO] [stdout]  --> src/glyph_atlas.rs:3:18
[INFO] [stdout]   |
[INFO] [stdout] 3 | use font::{self, Rasterize, Rasterizer, FontDesc, FontKey, GlyphKey};
[INFO] [stdout]   |                  ^^^^^^^^^  ^^^^^^^^^^  ^^^^^^^^  ^^^^^^^  ^^^^^^^^ no `GlyphKey` in the root
[INFO] [stdout]   |                  |          |           |         |
[INFO] [stdout]   |                  |          |           |         no `FontKey` in the root
[INFO] [stdout]   |                  |          |           no `FontDesc` in the root
[INFO] [stdout]   |                  |          no `Rasterizer` in the root
[INFO] [stdout]   |                  no `Rasterize` in the root
[INFO] [stdout] 
[INFO] [stdout] 
[INFO] [stdout] error[E0433]: failed to resolve: could not find `Rasterizer` in `font`
[INFO] [stdout]   --> src/main.rs:56:28
[INFO] [stdout]    |
[INFO] [stdout] 56 |     let rasterizer = font::Rasterizer::new(108., 110., 1., false).unwrap();
[INFO] [stdout]    |                            ^^^^^^^^^^ could not find `Rasterizer` in `font`
[INFO] [stdout] 
[INFO] [stdout] 
[INFO] [stdout] error[E0433]: failed to resolve: could not find `Style` in `font`
[INFO] [stdout]   --> src/main.rs:59:36
[INFO] [stdout]    |
[INFO] [stdout] 59 | ...                   font::Style::Description {slant: font::Slant::Normal, weight: font::Weight::Normal});
[INFO] [stdout]    |                             ^^^^^ could not find `Style` in `font`
[INFO] [stdout] 
[INFO] [stdout] 
[INFO] [stdout] error[E0433]: failed to resolve: could not find `Slant` in `font`
[INFO] [stdout]   --> src/main.rs:59:69
[INFO] [stdout]    |
[INFO] [stdout] 59 | ...                   font::Style::Description {slant: font::Slant::Normal, weight: font::Weight::Normal});
[INFO] [stdout]    |                                                              ^^^^^ could not find `Slant` in `font`
[INFO] [stdout] 
[INFO] [stdout] 
[INFO] [stdout] error[E0433]: failed to resolve: could not find `Weight` in `font`
[INFO] [stdout]   --> src/main.rs:59:98
[INFO] [stdout]    |
[INFO] [stdout] 59 | ...                   font::Style::Description {slant: font::Slant::Normal, weight: font::Weight::Normal});
[INFO] [stdout]    |                                                                                           ^^^^^^ could not find `Weight` in `font`
[INFO] [stdout] 
[INFO] [stdout] 
[INFO] [stdout] error[E0433]: failed to resolve: could not find `EventsLoop` in `glutin`
[INFO] [stdout]   --> src/main.rs:65:35
[INFO] [stdout]    |
[INFO] [stdout] 65 |     let mut events_loop = glutin::EventsLoop::new();
[INFO] [stdout]    |                                   ^^^^^^^^^^ could not find `EventsLoop` in `glutin`
[INFO] [stdout] 
[INFO] [stdout] 
[INFO] [stdout] error[E0433]: failed to resolve: could not find `Event` in `glutin`
[INFO] [stdout]    --> src/main.rs:223:25
[INFO] [stdout]     |
[INFO] [stdout] 223 |                 glutin::Event::WindowEvent { event, .. } => match event {
[INFO] [stdout]     |                         ^^^^^ could not find `Event` in `glutin`
[INFO] [stdout] 
[INFO] [stdout] 
[INFO] [stdout] error[E0433]: failed to resolve: could not find `WindowEvent` in `glutin`
[INFO] [stdout]    --> src/main.rs:224:29
[INFO] [stdout]     |
[INFO] [stdout] 224 |                     glutin::WindowEvent::Closed => closed = true,
[INFO] [stdout]     |                             ^^^^^^^^^^^ could not find `WindowEvent` in `glutin`
[INFO] [stdout] 
[INFO] [stdout] 
[INFO] [stdout] error[E0433]: failed to resolve: could not find `Event` in `glutin`
[INFO] [stdout]    --> src/main.rs:227:25
[INFO] [stdout]     |
[INFO] [stdout] 227 |                 glutin::Event::DeviceEvent { event, .. } => match event {
[INFO] [stdout]     |                         ^^^^^ could not find `Event` in `glutin`
[INFO] [stdout] 
[INFO] [stdout] 
[INFO] [stdout] error[E0433]: failed to resolve: could not find `DeviceEvent` in `glutin`
[INFO] [stdout]    --> src/main.rs:228:29
[INFO] [stdout]     |
[INFO] [stdout] 228 |                     glutin::DeviceEvent::Key(input) => {
[INFO] [stdout]     |                             ^^^^^^^^^^^ could not find `DeviceEvent` in `glutin`
[INFO] [stdout] 
[INFO] [stdout] 
[INFO] [stdout] error[E0433]: failed to resolve: could not find `ElementState` in `glutin`
[INFO] [stdout]    --> src/main.rs:229:51
[INFO] [stdout]     |
[INFO] [stdout] 229 |                         if input.state == glutin::ElementState::Pressed {
[INFO] [stdout]     |                                                   ^^^^^^^^^^^^ could not find `ElementState` in `glutin`
[INFO] [stdout] 
[INFO] [stdout] 
[INFO] [stdout] error[E0433]: failed to resolve: could not find `VirtualKeyCode` in `glutin`
[INFO] [stdout]    --> src/main.rs:231:46
[INFO] [stdout]     |
[INFO] [stdout] 231 | ...                   Some(glutin::VirtualKeyCode::Escape) => closed = true,
[INFO] [stdout]     |                                    ^^^^^^^^^^^^^^ could not find `VirtualKeyCode` in `glutin`
[INFO] [stdout] 
[INFO] [stdout] 
[INFO] [stdout] error[E0433]: failed to resolve: could not find `VirtualKeyCode` in `glutin`
[INFO] [stdout]    --> src/main.rs:232:46
[INFO] [stdout]     |
[INFO] [stdout] 232 | ...                   Some(glutin::VirtualKeyCode::A) => {
[INFO] [stdout]     |                                    ^^^^^^^^^^^^^^ could not find `VirtualKeyCode` in `glutin`
[INFO] [stdout] 
[INFO] [stdout] 
[INFO] [stdout] error[E0412]: cannot find type `Size` in crate `font`
[INFO] [stdout]   --> src/glyph_atlas.rs:14:17
[INFO] [stdout]    |
[INFO] [stdout] 14 |     size: font::Size,
[INFO] [stdout]    |                 ^^^^ not found in `font`
[INFO] [stdout]    |
[INFO] [stdout] help: consider importing this enum
[INFO] [stdout]    |
[INFO] [stdout] 1  | use glium::glutin::dpi::Size;
[INFO] [stdout]    |
[INFO] [stdout] 
[INFO] [stdout] 
[INFO] [stdout] error[E0412]: cannot find type `Size` in crate `font`
[INFO] [stdout]   --> src/glyph_atlas.rs:29:31
[INFO] [stdout]    |
[INFO] [stdout] 29 |                   size: font::Size,
[INFO] [stdout]    |                               ^^^^ not found in `font`
[INFO] [stdout]    |
[INFO] [stdout] help: consider importing this enum
[INFO] [stdout]    |
[INFO] [stdout] 1  | use glium::glutin::dpi::Size;
[INFO] [stdout]    |
[INFO] [stdout] 
[INFO] [stdout] 
[INFO] [stdout] error[E0433]: failed to resolve: could not find `Size` in `font`
[INFO] [stdout]   --> src/main.rs:60:22
[INFO] [stdout]    |
[INFO] [stdout] 60 |     let size = font::Size::new(12.);
[INFO] [stdout]    |                      ^^^^ not found in `font`
[INFO] [stdout]    |
[INFO] [stdout] help: consider importing this enum
[INFO] [stdout]    |
[INFO] [stdout] 14 | use glium::glutin::dpi::Size;
[INFO] [stdout]    |
[INFO] [stdout] 
[INFO] [stdout] 
[INFO] [stdout] error[E0433]: failed to resolve: could not find `WindowBuilder` in `glutin`
[INFO] [stdout]   --> src/main.rs:66:26
[INFO] [stdout]    |
[INFO] [stdout] 66 |     let window = glutin::WindowBuilder::new()
[INFO] [stdout]    |                          ^^^^^^^^^^^^^ not found in `glutin`
[INFO] [stdout]    |
[INFO] [stdout] help: consider importing this struct
[INFO] [stdout]    |
[INFO] [stdout] 14 | use glium::glutin::window::WindowBuilder;
[INFO] [stdout]    |
[INFO] [stdout] 
[INFO] [stdout] 
[INFO] [stdout] warning: trait objects without an explicit `dyn` are deprecated
[INFO] [stdout]    --> src/glyph_atlas.rs:116:42
[INFO] [stdout]     |
[INFO] [stdout] 116 |     pub fn get_entry(&mut self, display:&glium::backend::Facade, c:char) -> AtlasEntry
[INFO] [stdout]     |                                          ^^^^^^^^^^^^^^^^^^^^^^ help: use `dyn`: `dyn glium::backend::Facade`
[INFO] [stdout]     |
[INFO] [stdout]     = note: `#[warn(bare_trait_objects)]` on by default
[INFO] [stdout] 
[INFO] [stdout] 
[INFO] [stdout] warning: trait objects without an explicit `dyn` are deprecated
[INFO] [stdout]   --> src/glyph_batch.rs:69:33
[INFO] [stdout]    |
[INFO] [stdout] 69 |                        display:&glium::backend::Facade,
[INFO] [stdout]    |                                 ^^^^^^^^^^^^^^^^^^^^^^ help: use `dyn`: `dyn glium::backend::Facade`
[INFO] [stdout] 
[INFO] [stdout] 
[INFO] [stdout] warning: trait objects without an explicit `dyn` are deprecated
[INFO] [stdout]   --> src/glyph_batch.rs:92:35
[INFO] [stdout]    |
[INFO] [stdout] 92 |     pub fn install(self, display:&Facade, atlas:&mut GlyphAtlas)
[INFO] [stdout]    |                                   ^^^^^^ help: use `dyn`: `dyn Facade`
[INFO] [stdout] 
[INFO] [stdout] 
[INFO] [stdout] warning: trait objects without an explicit `dyn` are deprecated
[INFO] [stdout]    --> src/glyph_batch.rs:109:21
[INFO] [stdout]     |
[INFO] [stdout] 109 |     fn new(display:&Facade,
[INFO] [stdout]     |                     ^^^^^^ help: use `dyn`: `dyn Facade`
[INFO] [stdout] 
[INFO] [stdout] 
[INFO] [stdout] error[E0433]: failed to resolve: could not find `Rasterizer` in `font`
[INFO] [stdout]   --> src/main.rs:56:28
[INFO] [stdout]    |
[INFO] [stdout] 56 |     let rasterizer = font::Rasterizer::new(108., 110., 1., false).unwrap();
[INFO] [stdout]    |                            ^^^^^^^^^^ could not find `Rasterizer` in `font`
[INFO] [stdout] 
[INFO] [stdout] 
[INFO] [stdout] error[E0433]: failed to resolve: could not find `Style` in `font`
[INFO] [stdout]   --> src/main.rs:59:36
[INFO] [stdout]    |
[INFO] [stdout] 59 | ...                   font::Style::Description {slant: font::Slant::Normal, weight: font::Weight::Normal});
[INFO] [stdout]    |                             ^^^^^ could not find `Style` in `font`
[INFO] [stdout] 
[INFO] [stdout] 
[INFO] [stdout] error[E0433]: failed to resolve: could not find `Slant` in `font`
[INFO] [stdout]   --> src/main.rs:59:69
[INFO] [stdout]    |
[INFO] [stdout] 59 | ...                   font::Style::Description {slant: font::Slant::Normal, weight: font::Weight::Normal});
[INFO] [stdout]    |                                                              ^^^^^ could not find `Slant` in `font`
[INFO] [stdout] 
[INFO] [stdout] 
[INFO] [stdout] error[E0433]: failed to resolve: could not find `Weight` in `font`
[INFO] [stdout]   --> src/main.rs:59:98
[INFO] [stdout]    |
[INFO] [stdout] 59 | ...                   font::Style::Description {slant: font::Slant::Normal, weight: font::Weight::Normal});
[INFO] [stdout]    |                                                                                           ^^^^^^ could not find `Weight` in `font`
[INFO] [stdout] 
[INFO] [stdout] 
[INFO] [stdout] error[E0433]: failed to resolve: could not find `EventsLoop` in `glutin`
[INFO] [stdout]   --> src/main.rs:65:35
[INFO] [stdout]    |
[INFO] [stdout] 65 |     let mut events_loop = glutin::EventsLoop::new();
[INFO] [stdout]    |                                   ^^^^^^^^^^ could not find `EventsLoop` in `glutin`
[INFO] [stdout] 
[INFO] [stdout] 
[INFO] [stdout] error[E0433]: failed to resolve: could not find `Event` in `glutin`
[INFO] [stdout]    --> src/main.rs:223:25
[INFO] [stdout]     |
[INFO] [stdout] 223 |                 glutin::Event::WindowEvent { event, .. } => match event {
[INFO] [stdout]     |                         ^^^^^ could not find `Event` in `glutin`
[INFO] [stdout] 
[INFO] [stdout] 
[INFO] [stdout] error[E0433]: failed to resolve: could not find `WindowEvent` in `glutin`
[INFO] [stdout]    --> src/main.rs:224:29
[INFO] [stdout]     |
[INFO] [stdout] 224 |                     glutin::WindowEvent::Closed => closed = true,
[INFO] [stdout]     |                             ^^^^^^^^^^^ could not find `WindowEvent` in `glutin`
[INFO] [stdout] 
[INFO] [stdout] 
[INFO] [stdout] error[E0433]: failed to resolve: could not find `Event` in `glutin`
[INFO] [stdout]    --> src/main.rs:227:25
[INFO] [stdout]     |
[INFO] [stdout] 227 |                 glutin::Event::DeviceEvent { event, .. } => match event {
[INFO] [stdout]     |                         ^^^^^ could not find `Event` in `glutin`
[INFO] [stdout] 
[INFO] [stdout] 
[INFO] [stdout] error[E0433]: failed to resolve: could not find `DeviceEvent` in `glutin`
[INFO] [stdout]    --> src/main.rs:228:29
[INFO] [stdout]     |
[INFO] [stdout] 228 |                     glutin::DeviceEvent::Key(input) => {
[INFO] [stdout]     |                             ^^^^^^^^^^^ could not find `DeviceEvent` in `glutin`
[INFO] [stdout] 
[INFO] [stdout] 
[INFO] [stdout] error[E0433]: failed to resolve: could not find `ElementState` in `glutin`
[INFO] [stdout]    --> src/main.rs:229:51
[INFO] [stdout]     |
[INFO] [stdout] 229 |                         if input.state == glutin::ElementState::Pressed {
[INFO] [stdout]     |                                                   ^^^^^^^^^^^^ could not find `ElementState` in `glutin`
[INFO] [stdout] 
[INFO] [stdout] 
[INFO] [stdout] error[E0433]: failed to resolve: could not find `VirtualKeyCode` in `glutin`
[INFO] [stdout]    --> src/main.rs:231:46
[INFO] [stdout]     |
[INFO] [stdout] 231 | ...                   Some(glutin::VirtualKeyCode::Escape) => closed = true,
[INFO] [stdout]     |                                    ^^^^^^^^^^^^^^ could not find `VirtualKeyCode` in `glutin`
[INFO] [stdout] 
[INFO] [stdout] 
[INFO] [stdout] error[E0433]: failed to resolve: could not find `VirtualKeyCode` in `glutin`
[INFO] [stdout]    --> src/main.rs:232:46
[INFO] [stdout]     |
[INFO] [stdout] 232 | ...                   Some(glutin::VirtualKeyCode::A) => {
[INFO] [stdout]     |                                    ^^^^^^^^^^^^^^ could not find `VirtualKeyCode` in `glutin`
[INFO] [stdout] 
[INFO] [stdout] 
[INFO] [stdout] error[E0412]: cannot find type `Size` in crate `font`
[INFO] [stdout]   --> src/glyph_atlas.rs:14:17
[INFO] [stdout]    |
[INFO] [stdout] 14 |     size: font::Size,
[INFO] [stdout]    |                 ^^^^ not found in `font`
[INFO] [stdout]    |
[INFO] [stdout] help: consider importing this enum
[INFO] [stdout]    |
[INFO] [stdout] 1  | use glium::glutin::dpi::Size;
[INFO] [stdout]    |
[INFO] [stdout] 
[INFO] [stdout] 
[INFO] [stdout] error[E0412]: cannot find type `Size` in crate `font`
[INFO] [stdout]   --> src/glyph_atlas.rs:29:31
[INFO] [stdout]    |
[INFO] [stdout] 29 |                   size: font::Size,
[INFO] [stdout]    |                               ^^^^ not found in `font`
[INFO] [stdout]    |
[INFO] [stdout] help: consider importing this enum
[INFO] [stdout]    |
[INFO] [stdout] 1  | use glium::glutin::dpi::Size;
[INFO] [stdout]    |
[INFO] [stdout] 
[INFO] [stdout] 
[INFO] [stdout] error[E0433]: failed to resolve: could not find `Size` in `font`
[INFO] [stdout]   --> src/main.rs:60:22
[INFO] [stdout]    |
[INFO] [stdout] 60 |     let size = font::Size::new(12.);
[INFO] [stdout]    |                      ^^^^ not found in `font`
[INFO] [stdout]    |
[INFO] [stdout] help: consider importing this enum
[INFO] [stdout]    |
[INFO] [stdout] 14 | use glium::glutin::dpi::Size;
[INFO] [stdout]    |
[INFO] [stdout] 
[INFO] [stdout] 
[INFO] [stdout] error[E0433]: failed to resolve: could not find `WindowBuilder` in `glutin`
[INFO] [stdout]   --> src/main.rs:66:26
[INFO] [stdout]    |
[INFO] [stdout] 66 |     let window = glutin::WindowBuilder::new()
[INFO] [stdout]    |                          ^^^^^^^^^^^^^ not found in `glutin`
[INFO] [stdout]    |
[INFO] [stdout] help: consider importing this struct
[INFO] [stdout]    |
[INFO] [stdout] 14 | use glium::glutin::window::WindowBuilder;
[INFO] [stdout]    |
[INFO] [stdout] 
[INFO] [stdout] 
[INFO] [stdout] warning: trait objects without an explicit `dyn` are deprecated
[INFO] [stdout]    --> src/glyph_atlas.rs:116:42
[INFO] [stdout]     |
[INFO] [stdout] 116 |     pub fn get_entry(&mut self, display:&glium::backend::Facade, c:char) -> AtlasEntry
[INFO] [stdout]     |                                          ^^^^^^^^^^^^^^^^^^^^^^ help: use `dyn`: `dyn glium::backend::Facade`
[INFO] [stdout]     |
[INFO] [stdout]     = note: `#[warn(bare_trait_objects)]` on by default
[INFO] [stdout] 
[INFO] [stdout] 
[INFO] [stdout] warning: trait objects without an explicit `dyn` are deprecated
[INFO] [stdout]   --> src/glyph_batch.rs:69:33
[INFO] [stdout]    |
[INFO] [stdout] 69 |                        display:&glium::backend::Facade,
[INFO] [stdout]    |                                 ^^^^^^^^^^^^^^^^^^^^^^ help: use `dyn`: `dyn glium::backend::Facade`
[INFO] [stdout] 
[INFO] [stdout] 
[INFO] [stdout] warning: trait objects without an explicit `dyn` are deprecated
[INFO] [stdout]   --> src/glyph_batch.rs:92:35
[INFO] [stdout]    |
[INFO] [stdout] 92 |     pub fn install(self, display:&Facade, atlas:&mut GlyphAtlas)
[INFO] [stdout]    |                                   ^^^^^^ help: use `dyn`: `dyn Facade`
[INFO] [stdout] 
[INFO] [stdout] 
[INFO] [stdout] warning: trait objects without an explicit `dyn` are deprecated
[INFO] [stdout]    --> src/glyph_batch.rs:109:21
[INFO] [stdout]     |
[INFO] [stdout] 109 |     fn new(display:&Facade,
[INFO] [stdout]     |                     ^^^^^^ help: use `dyn`: `dyn Facade`
[INFO] [stdout] 
[INFO] [stdout] 
[INFO] [stdout] error[E0599]: no method named `poll_events` found for struct `glium::glutin::event_loop::EventLoop<_>` in the current scope
[INFO] [stdout]    --> src/main.rs:221:21
[INFO] [stdout]     |
[INFO] [stdout] 221 |         events_loop.poll_events(|event| {
[INFO] [stdout]     |                     ^^^^^^^^^^^ method not found in `glium::glutin::event_loop::EventLoop<_>`
[INFO] [stdout] 
[INFO] [stdout] 
[INFO] [stdout] error[E0599]: no method named `poll_events` found for struct `glium::glutin::event_loop::EventLoop<_>` in the current scope
[INFO] [stdout]    --> src/main.rs:221:21
[INFO] [stdout]     |
[INFO] [stdout] 221 |         events_loop.poll_events(|event| {
[INFO] [stdout]     |                     ^^^^^^^^^^^ method not found in `glium::glutin::event_loop::EventLoop<_>`
[INFO] [stdout] 
[INFO] [stdout] 
[INFO] [stdout] error: aborting due to 19 previous errors; 4 warnings emitted
[INFO] [stdout] 
[INFO] [stdout] 
[INFO] [stdout] Some errors have detailed explanations: E0412, E0432, E0433, E0599.
[INFO] [stdout] 
[INFO] [stdout] For more information about an error, try `rustc --explain E0412`.
[INFO] [stdout] 
[INFO] [stdout] error: aborting due to 19 previous errors; 4 warnings emitted
[INFO] [stdout] 
[INFO] [stdout] 
[INFO] [stdout] Some errors have detailed explanations: E0412, E0432, E0433, E0599.
[INFO] [stdout] 
[INFO] [stdout] For more information about an error, try `rustc --explain E0412`.
[INFO] [stdout] 
[INFO] [stderr] error: could not compile `rustgl`.
[INFO] [stderr] 
[INFO] [stderr] To learn more, run the command again with --verbose.
[INFO] [stderr] warning: build failed, waiting for other jobs to finish...
[INFO] [stderr] error: build failed
[INFO] running `Command { std: "docker" "inspect" "db2a9f2168c94c3bd5b1894fd9695a6ed0b863b7758b68f0224151c10a1375b0", kill_on_drop: false }`
[INFO] running `Command { std: "docker" "rm" "-f" "db2a9f2168c94c3bd5b1894fd9695a6ed0b863b7758b68f0224151c10a1375b0", kill_on_drop: false }`
[INFO] [stdout] db2a9f2168c94c3bd5b1894fd9695a6ed0b863b7758b68f0224151c10a1375b0
